3?
2
What is the value of -1 - 0 - (4 + -1)?
-4
Evaluate -1 - (0 - -3) - (-7 + 1).
2
Calculate -1 + (5 - 8) + 9.
5
Calculate 5 - (-2 - -1 - (-19 + 14)).
1
What is the value of (6 - 11) + (11 - 2)?
4
What is the value of (7 + -11 - 7) + 13?
2
What is the value of -4 - (3 + (6 - 10))?
-3
Calculate (21 - 5) + -9 + (-1 - 17).
-11
What is the value of -10 + 3 - (13 + -17)?
-3
Calculate (-6 - -10) + 2 + -7.
-1
-5 - -2 - (-5 + 1)
1
1 - (-2 + -6 + (-6 - -10))
5
Evaluate (1 + -8 - (-4 + 2)) + 4.
-1
Calculate 4 + -10 - ((-4 - -7) + -2).
-7
Calculate 8 + 1 + -3 + -4 + 2.
4
Calculate 4 + (5 - 14) + 4.
-1
1 + (0 + 0 - (-1 + 0))
2
What is the value of -2 + 15 + -27 + (5 - -1)?
-8
Evaluate -3 + 4 - (0 - 0).
1
What is the value of 8 - 5 - 8 - -12?
7
What is the value of 0 - (0 + -2) - 2?
0
Calculate (12 + 6 - 12) + -9.
-3
What is the value of (15 - (2 + 6)) + 1?
8
What is 8 + -5 + (1 - 2) - 5?
-3
Evaluate 5 - (4 - -4) - (-1 + -1).
-1
(-1 - (4 + -3)) + -2
-4
Calculate 14 + -12 + (2 - 0).
4
Calculate 0 + -7 + (41 - 28).
6
5 - (-1 - (-4 - -1))
3
5 - (-2 - -5 - (2 - 0))
4
What is the value of (11 - 10) + (-4 - 0)?
-3
0 + -4 - (-97 - -86)
7
What is the value of -6 + (3 - (17 + -11))?
-9
What is 2 + -7 + 9 - 2?
2
What is 2 + (-3 - (4 + -7))?
2
Calculate -4 + (-1 - (5 + -8 + 0)).
-2
What is the value of -11 + 6 + 9 - (3 - 3)?
4
Calculate (4 - 0) + 0 + (-3 - 0).
1
11 + (-12 - -11) + -8
2
Evaluate (-4 - -1) + -2 + 7.
2
What is the value of -3 + 1 + 7 + (-1 - -3)?
7
1 - 4 - (8 + -4 + -6)
-1
(13 - 6) + -5 + (-2 - -5)
5
Calculate (-1 - 7) + (13 - (-8 - -19)).
-6
Calculate 1 - (6 - 1 - 1).
-3
What is the value of 3 + -8 - (6 + -4 - 3)?
-4
What is 6 - 9 - (-1 + 0 - 4)?
2
Evaluate 2 - (-2 + 1 + 4 + -1).
0
What is the value of -4 - (-1 - 3) - -5?
5
What is 9 + (5 - 1 - 5)?
8
Evaluate -7 + 8 - 7 - 0.
-6
-8 + 7 + 1 - -2
2
Evaluate -3 - 1 - (-6 + 0).
2
What is 8 + (-2 - (4 - 3))?
5
Calculate -7 - (4 - (9 + -4 - 1)).
-7
4 + (2 - -3 - 6) - -4
7
Calculate (-8 - -3) + -2 + 4.
-3
What is 8 - (-1 - (-6 - (5 - 7)))?
5
Evaluate -3 + 1 + 4 + 0.
2
What is (-2 - (6 - 4)) + -4?
-8
What is 2 + (-1 + 3 - 6)?
-2
What is the value of 4 - (19 + -6 + -4)?
-5
-10 + 2 - -13 - -5
10
-118 + 121 + (0 - -1)
4
What is the value of (5 - 6) + 0 + 1?
0
What is (5 - 6) + 12 - 6?
5
Calculate -5 + -1 + 6 + 5.
5
Calculate (4 - 3 - 2) + (1 - -2).
2
-1 - ((3 - 7) + 5) - -6
4
What is the value of -2 - (5 + -4 + -3) - 0?
0
What is the value of 6 + 0 + 3 + (4 - 8)?
5
3 - -9 - (-1 - -7)
6
Evaluate 1 + 5 + -10 - -5.
1
What is 2 + -2 + (3 - 5 - -7)?
5
Evaluate 0 + (3 - (0 - 0)).
3
What is the value of 0 - (-4 + 1 + 7)?
-4
What is 3 + (-5 - (2 + -2 - -3))?
-5
What is 1 - ((0 - -1) + 2 - 3)?
1
Evaluate -8 - (0 - -6 - 11).
-3
(4 - 5) + (-3 - -11)
7
Calculate (6 - (-2 + 3) - 8) + 0.
-3
What is (0 + -1 - 2) + -1?
-4
Evaluate (-5 + 0 - 3) + 6 + -3.
-5
Calculate 5 - (-7 + (-2 - -16) + -7).
5
1 + -2 + 7 + -6
0
-2 + -1 - ((17 - 15) + -6)
1
What is -6 - (7 - 12) - (3 + -10)?
6
Evaluate 5 + -3 + (-3 - -7).
6
What is the value of (3 - (3 + 5 - 5)) + 5?
5
What is the value of 0 - -4 - (-34 + 36)?
2
-156 + 162 + (0 + -6 - 0)
0
Calculate (-24 - -18) + -3 + 2.
-7
What is the value of 0 - (5 - (0 + 2)) - -6?
3
Calculate (-13 - -10) + (0 - -2).
-1
Evaluate -13 + 1 - (18 + -39).
9
Calculate -1 - -6 - (32 - 29).
2
Evaluate 2 + -7 + (-3 + 1 - -4).
-3
What is the value of 16 - 19 - (-7 + (2 - 0))?
2
What is the value of -2 + 14 + -4 + -3?
5
What is the value of (-2 + -1 - -6) + 0 + -7?
-4
What is the value of 11 + -6 + -1 + -1 - 8?
-5
Evaluate 3 - (1 + 1) - 1.
0
What is -29 + 28 + (-3 - 1)?
-5
Evaluate -11 - -2 - (-3 + 6 + -5).
-7
Evaluate -7 + 2 - -3 - (48 + -44).
-6
0 - (-6 - -5) - 4
-3
Calculate -7 + -6 + -5 + -8 + 29.
3
What is the value of 4 + (-3 - 0 - -3) + 1?
5
What is 8 - ((7 - -2) + -6)?
5
-18 + 12 + 11 + -2 - -5
8
-1 + (-7 - -4) - -2
-2
What is the value of 0 + (-2 - -11 - 6)?
3
Calculate 3 + -19 + 5 - (-1 - 5).
-5
Calculate 5 + (-2 - (5 - 2)) + 6.
6
-1 + -1 - (22 + (-13 - 3))
-8
Evaluate (8 - 8) + 1 + 3.
4
What is 14 + -7 + -1 + -2?
4
Evaluate 8 + -10 + -1 + -2 - 0.
-5
1 + 3 + -5 - -5
4
4 - (2 - -6 - 0)
-4
What is the value of (7 - (-2 - -1 - -9)) + 4?
3
Calculate (8 + 0 - (1 + 1)) + -1.
5
What is (-8 - 0) + (-23 - -37)?
6
What is 0 + 1 - (7 + -5)?
-1
Calculate -6 + 10 + 5 - (-2 + 1).
10
Calculate 7 - 4 - -1 - 0.
4
10 - (-4 - (-21 + 7))
0
What is the value of 1 + -4 + 5 + (-5 - -1)?
-2
Evaluate (1 - -2) + 5 + (-15 - -10).
3
-2 + 10 + 0 + -1
7
What is the value of (-11 - -7 - -7) + -1 + -2?
0
12 + -5 - -4 - 12
-1
Calculate 11 - 2 - 3 - (3 - -3).
0
Evaluate -3 + (10 - 6) - (3 + 1).
-3
What is (0 - 1) + -2 + 2?
-1
What is (4 - (-1 + -3)) + -4?
4
Evaluate -1 - 5 - -1 - (-71 - -68).
-2
Evaluate (6 + -1 - 10) + (1 - -6).
2
0 + (-4 - -1 - -3)
0
Calculate 6 + (-13 - -1 - -5).
-1
Evaluate 1 + -8 + (-36 - -39).
-4
What is 2 + (-7 - -7) + -4?
-2
What is -2 + (3 - 0) + 7 + -5?
3
Calculate -3 - (1 - 0 - (10 - 7)).
-1
3 + -5 + -1 + 4 + -3
-2
Evaluate 2 - (13 - 16 - (-1 + -8)).
-4
Evaluate 3 + 0 + -2 + 2 - 3.
0
What is (-5 - (11 - 15)) + -7?
-8
What is the value of 4 + (-7 - -6) + 15 + -8?
10
What is the value of -4 + -3 + 2 + 4?
-1
What is the value of 8 - (8 - 2) - (-1 - -2)?
1
What is 0 - (12 + -21 - -7)?
2
What is 3 - -2 - -2 - 13?
-6
Evaluate -6 + 4 - 0 - (-2 + -1).
1
Calculate (-6 + 7 - -3) + -7.
-3
What is the value of -1 + 7 + -3 + 6 + -15?
-6
What is -4 + (0 - -10) + -1 - 2?
3
What is 1 + -8 + (6 - 1)?
-2
What is -4 + (0 - (0 + -7 + 5))?
-2
0 + 0 + 5 + 0 + -3
2
0 - (-2 - (9 - 4) - -8)
-1
Evaluate -21 + 19 - (-1 - -2).
-3
Evaluate 2 - -3 - (5 + -1 - 2).
3
-5 + (-1 - -8 - -2)
4
What is the value of -3 - (4 - -5) - -8?
-4
What is -4 + (3 - (-12 - -4)) - 5?
2
What is 2 + (-2 - (2 - 3)) + -4?
-3
Evaluate 2 - (1 - (-4 - -2)).
-1
What is the value of -3 + 0 - (-5 + 18 + -14)?
-2
Evaluate (4 - 8) + 2 + 6.
4
Evaluate (12 - 1) + -6 - (1 + -1).
5
What is (-1 + -6 - -5) + 4 - 6?
-4
Calculate 8 + -8 + (-5 - -12) + -6.
1
What is the value of (1 + -3 - 3) + (-24 - -24)?
-5
Calculate 5 + (-35 - -13 - -6).
-11
What is -3 + 3 + -4 + 4 + 3?
3
Evaluate 19 + -11 - -1 - 18.
-9
What is 2 - 4 - (-5 - (5 + -6))?
2
What is the value of -4 + 0 + -1 - 0?
-5
What is 6 - (6 - (5 - 4))?
1
Evaluate (2 - 5 - (-24 + 16)) + -1.
4
What is the value of 0 + -3 + 1 + -1 + -1?
-4
What is the value of -16 + 21 + (1 - 5)?
1
What is the value of -6 + (5 - -7) + -13?
-7
(-4 - (-6 - -3)) + (3 - 1)
1
Calculate 0 + 1 + (2 + 2 - 7).
-2
What is the value of -9 + 9 + -5 + 2?
-3
What is the value of -2 - (5 - 3) - 0 - -8?
4
What is the value of -4 + (-1 - -4) + 2?
1
What is -4 - (-7 + (6 - 2))?
-1
What is the value of -19 - -19 - (0 + 0)?
0
What is 11 - (1 + 6) - -2?
6
(0 - 4) + (-10 - -13) + 0
-1
6 - (1 - (-6 - -2))
1
-7 + (13 - (-7 - -9))
4
1 - -4 - (102 - 95)
-2
What is the value of 8 + -2 + (-5 - -1)?
2
(3 - (-1 - 0)) + 1
5
Evaluate (0 - -2) + -4 + 4.
2
Evaluate (1 - (-1 + 1)) + 2 + -4.
-1
Calculate (-3 - (1 - 9)) + -4.
1
Evaluate 4 + -9 + (-4 - -14).
5
Evaluate -3 + -5 + -5 + 19 + -5.
1
What is the value of 5 - ((0 - 6) + 1 + 4)?
6
Evaluate 1 + 1 + -12 + 6.
-4
Calculate (3 + -6 - 0) + (-3 - -6).
0
What is the value of -1 - (2 - (0 + -1 - -2))?
-2
Calculate 5 - 5 - (2 + -1 - -3).
-4
Calculate (-9 - (-12 + 1)) + 1.
3
What is the value of 7 - 1 - (8 - 4) - -2?
4
What is the value of (-1 - 0 - -1) + -1 - -2?
1
What is the value of 3 - (-5 + 8) - (17 + -16)?
-1
What is the value of -27 - -32 - (8 + 3)?
-6
What is the value of 6 - 4 - (2 - -1)?
-1
Evaluate 0 + 4 + (-3 - -3).
4
Evaluate -4 - (-4 - -3 - 1).
-2
What is the value of 4 + (9 - 6) - 5?
2
(-9 + (7 - 4) - -2) + 0
-4
Evaluate (23 - 19) + -2 + -7.
-5
What is the value of (3 - (0 - -1)) + -3 - -4?
3
1 + -1 + (-2 - -2) + -2
-2
Evaluate -2 - ((-1 - 1) + (2 - -1)).
-3
Calculate 6 - 9 - (6 + -4 - -1).
-6
Calculate 4 - (-11 + 19) - -4.
0
Evaluate -5 + (2 - 0) + -2 + 1.
-4
What is -1 + -3 + 10 + -12?
-6
What is -2 + (-6 - -16) + -3?
5
Evaluate 6 + -1 + -3 + -2 - -3.
3
1 - 1 - (8 + -2)
-6
What is 1 + (-9 - -12) + 2?
6
What is the value of 1 + 4 + -4 + 4 + 0?
5
Evaluate (-27 - -26) + (0 - 3).
-4
What is the value of -10 - (6 - 12) - (8 + -3)?
-9
What is the value of (-1 - 2 - 0) + 4 + -5?
-4
What is the value of (22 - (4 + 14)) + (